{"id":8,"date":"2014-02-26T08:51:29","date_gmt":"2014-02-26T08:51:29","guid":{"rendered":"http:\/\/www.abatonsworld.com\/animalses\/?page_id=8"},"modified":"2014-03-28T11:01:12","modified_gmt":"2014-03-28T11:01:12","slug":"de-donde-vienen-los-abatons","status":"publish","type":"page","link":"http:\/\/www.abatonsworld.com\/animals-es\/de-donde-vienen-los-abatons\/","title":{"rendered":"\u00bfde d\u00f3nde vienen los abatons?"},"content":{"rendered":"<div>\t\t<div id=\"cptbc_571\" class=\"carousel slide\"  data-interval=\"5000\">\n\n\t\t\t\n\t\t\t<div class=\"carousel-inner\">\n\t\t\t\n\t\t\t\t<div class=\"item active\" id=\"cptbc-item-625\" >\n\t\t\t\t\t<a href=\"\/animals-es\/clan\/koori\/\"><img decoding=\"async\" src=\"http:\/\/www.abatonsworld.com\/animals-es\/wp-content\/uploads\/sites\/10\/2014\/09\/Australian.jpg\" class=\"attachment-full size-full wp-post-image\" alt=\"\" srcset=\"http:\/\/www.abatonsworld.com\/animals-es\/wp-content\/uploads\/sites\/10\/2014\/09\/Australian.jpg 792w, http:\/\/www.abatonsworld.com\/animals-es\/wp-content\/uploads\/sites\/10\/2014\/09\/Australian-300x204.jpg 300w, http:\/\/www.abatonsworld.com\/animals-es\/wp-content\/uploads\/sites\/10\/2014\/09\/Australian-215x146.jpg 215w, http:\/\/www.abatonsworld.com\/animals-es\/wp-content\/uploads\/sites\/10\/2014\/09\/Australian-103x70.jpg 103w\" sizes=\"(max-width: 792px) 100vw, 792px\" \/><\/a><div class=\"carousel-caption\"><p><a href=\"\/animals-es\/clan\/koori\/\">Las extensiones m\u00e1s remotas de Asia y Australia son un para\u00edso para los amantes de la naturaleza. Aqu\u00ed se puede disfrutar de emocionantes aventuras, nadar con los tiburones ballena en Ningaloo o explorar las monta\u00f1as del Himalaya. Pero lo verdaderamente especial de esos lugares son los KOORI. Ning\u00fan gu\u00eda te hablar\u00e1 de ellos y posiblemente ser\u00e1 muy dif\u00edcil verlos. Los KOORI son muy discretos, detestan que los turistas les hagan fotograf\u00edas y utilizan su poder de camuflaje para pasar desapercibidos. La verdad, es que no tienen demasiado inter\u00e9s por los humanos y prefieren seguir con sus actividades tranquilamente, mientras los koalas o las monta\u00f1as acaparan la atenci\u00f3n de los turistas.<\/a><\/p><\/div>\t\t\t\t<\/div>\n\t\t\t\n\t\t\t\t<div class=\"item \" id=\"cptbc-item-298\" >\n\t\t\t\t\t<a href=\"\/animals-es\/clan\/groen\/\"><img decoding=\"async\" src=\"http:\/\/www.abatonsworld.com\/animals-es\/wp-content\/uploads\/sites\/10\/2014\/03\/Polar.jpg\" class=\"attachment-full size-full wp-post-image\" alt=\"\" srcset=\"http:\/\/www.abatonsworld.com\/animals-es\/wp-content\/uploads\/sites\/10\/2014\/03\/Polar.jpg 792w, http:\/\/www.abatonsworld.com\/animals-es\/wp-content\/uploads\/sites\/10\/2014\/03\/Polar-300x204.jpg 300w, http:\/\/www.abatonsworld.com\/animals-es\/wp-content\/uploads\/sites\/10\/2014\/03\/Polar-215x146.jpg 215w, http:\/\/www.abatonsworld.com\/animals-es\/wp-content\/uploads\/sites\/10\/2014\/03\/Polar-103x70.jpg 103w\" sizes=\"(max-width: 792px) 100vw, 792px\" \/><\/a><div class=\"carousel-caption\"><p><a href=\"\/animals-es\/clan\/groen\/\">En los mapas lo encontrar\u00e1s como Polo Norte y Polo Sur, o como \u00c1rtico y Ant\u00e1rtida, pero los habitantes originarios de estos parajes inh\u00f3spitos lo conocen como Gr\u00f6enland. Pocos animales pueden sobrevivir a estas temperaturas tan bajas, pero los GR\u00d6EN se sienten perfectamente en este clima y adem\u00e1s est\u00e1n encantados de no tener casi vecinos.<\/a><\/p><\/div>\t\t\t\t<\/div>\n\t\t\t\n\t\t\t\t<div class=\"item \" id=\"cptbc-item-621\" >\n\t\t\t\t\t<a href=\"\/animals-es\/clan\/massakkis\/\"><img decoding=\"async\" src=\"http:\/\/www.abatonsworld.com\/animals-es\/wp-content\/uploads\/sites\/10\/2014\/09\/Sabana.jpg\" class=\"attachment-full size-full wp-post-image\" alt=\"\" srcset=\"http:\/\/www.abatonsworld.com\/animals-es\/wp-content\/uploads\/sites\/10\/2014\/09\/Sabana.jpg 792w, http:\/\/www.abatonsworld.com\/animals-es\/wp-content\/uploads\/sites\/10\/2014\/09\/Sabana-300x204.jpg 300w, http:\/\/www.abatonsworld.com\/animals-es\/wp-content\/uploads\/sites\/10\/2014\/09\/Sabana-215x146.jpg 215w, http:\/\/www.abatonsworld.com\/animals-es\/wp-content\/uploads\/sites\/10\/2014\/09\/Sabana-103x70.jpg 103w\" sizes=\"(max-width: 792px) 100vw, 792px\" \/><\/a><div class=\"carousel-caption\"><p><a href=\"\/animals-es\/clan\/massakkis\/\">Si visitas el coraz\u00f3n de la sabana, sin saberlo estar\u00e1s pisando territorio MASSAKKI. Eso s\u00ed, no los encontrar\u00e1s ni en Serengeti ni en Mas\u00e1i Mara ya que les molesta el continuo acoso de las c\u00e1maras de los visitantes y est\u00e1n hartos de las fiestas de los mas\u00e1i. A los MASSAKKIS les gusta seguir siendo invisibles al ojo humano, y solo aparecen en alguna fotograf\u00eda porque les gusta fastidiar las instant\u00e1neas de los turistas. \u00a1Son un poco bromistas!<\/a><\/p><\/div>\t\t\t\t<\/div>\n\t\t\t\n\t\t\t\t<div class=\"item \" id=\"cptbc-item-317\" >\n\t\t\t\t\t<a href=\"\/animals-es\/clan\/yungas\/\"><img decoding=\"async\" src=\"http:\/\/www.abatonsworld.com\/animals-es\/wp-content\/uploads\/sites\/10\/2014\/03\/Jungle.jpg\" class=\"attachment-full size-full wp-post-image\" alt=\"\" srcset=\"http:\/\/www.abatonsworld.com\/animals-es\/wp-content\/uploads\/sites\/10\/2014\/03\/Jungle.jpg 792w, http:\/\/www.abatonsworld.com\/animals-es\/wp-content\/uploads\/sites\/10\/2014\/03\/Jungle-300x204.jpg 300w, http:\/\/www.abatonsworld.com\/animals-es\/wp-content\/uploads\/sites\/10\/2014\/03\/Jungle-215x146.jpg 215w, http:\/\/www.abatonsworld.com\/animals-es\/wp-content\/uploads\/sites\/10\/2014\/03\/Jungle-103x70.jpg 103w\" sizes=\"(max-width: 792px) 100vw, 792px\" \/><\/a><div class=\"carousel-caption\"><p><a href=\"\/animals-es\/clan\/yungas\/\">Solo los aventureros se adentran en la jungla, las selvas a trav\u00e9s de cuya frondosa vegetaci\u00f3n es dif\u00edcil abrirse paso, y donde es muy f\u00e1cil perderse si no se conoce perfectamente el terreno. Aqu\u00ed viven los YUNGAS, aut\u00e9nticos exploradores a los que les encanta hacer expediciones por la jungla observando a los excursionistas despistados. \u00a1Es casi imposible verlos, pero m\u00e1s de uno ha o\u00eddo sus risas!<\/a><\/p><\/div>\t\t\t\t<\/div>\n\t\t\t\n\t\t\t\t<div class=\"item \" id=\"cptbc-item-315\" >\n\t\t\t\t\t<a href=\"\/animals-es\/clan\/atalantir\/\"><img decoding=\"async\" src=\"http:\/\/www.abatonsworld.com\/animals-es\/wp-content\/uploads\/sites\/10\/2014\/03\/Sea.jpg\" class=\"attachment-full size-full wp-post-image\" alt=\"\" srcset=\"http:\/\/www.abatonsworld.com\/animals-es\/wp-content\/uploads\/sites\/10\/2014\/03\/Sea.jpg 792w, http:\/\/www.abatonsworld.com\/animals-es\/wp-content\/uploads\/sites\/10\/2014\/03\/Sea-300x204.jpg 300w, http:\/\/www.abatonsworld.com\/animals-es\/wp-content\/uploads\/sites\/10\/2014\/03\/Sea-215x146.jpg 215w, http:\/\/www.abatonsworld.com\/animals-es\/wp-content\/uploads\/sites\/10\/2014\/03\/Sea-103x70.jpg 103w\" sizes=\"(max-width: 792px) 100vw, 792px\" \/><\/a><div class=\"carousel-caption\"><p><a href=\"\/animals-es\/clan\/atalantir\/\">\u00bfQui\u00e9n no ha querido encontrar un cofre del tesoro o una ciudad oculta bajo el mar? Es un sue\u00f1o dif\u00edcil de cumplir pero no imposible, si tienes la suerte de encontrar un ATALANTIR y est\u00e1 de buen humor, quiz\u00e1s te explique alguno de los secretos del mundo subacu\u00e1tico. Viven en los mares y oc\u00e9anos y nada se les escapa.<\/a><\/p><\/div>\t\t\t\t<\/div>\n\t\t\t\n\t\t\t\t<div class=\"item \" id=\"cptbc-item-294\" >\n\t\t\t\t\t<a href=\"\/animals-es\/clan\/icarus\/\"><img decoding=\"async\" src=\"http:\/\/www.abatonsworld.com\/animals-es\/wp-content\/uploads\/sites\/10\/2014\/03\/Air.jpg\" class=\"attachment-full size-full wp-post-image\" alt=\"\" srcset=\"http:\/\/www.abatonsworld.com\/animals-es\/wp-content\/uploads\/sites\/10\/2014\/03\/Air.jpg 792w, http:\/\/www.abatonsworld.com\/animals-es\/wp-content\/uploads\/sites\/10\/2014\/03\/Air-300x204.jpg 300w, http:\/\/www.abatonsworld.com\/animals-es\/wp-content\/uploads\/sites\/10\/2014\/03\/Air-215x146.jpg 215w, http:\/\/www.abatonsworld.com\/animals-es\/wp-content\/uploads\/sites\/10\/2014\/03\/Air-103x70.jpg 103w\" sizes=\"(max-width: 792px) 100vw, 792px\" \/><\/a><div class=\"carousel-caption\"><p><a href=\"\/animals-es\/clan\/icarus\/\">\u00bfImaginas poder volar? Tener el poder de verlo todo desde el cielo es un enorme regalo. El Icarus Clan disfruta de este privilegio, y para ellos no hay fronteras, disfrutan de la libertad plena y est\u00e1n repartidos por todo el mundo. Lo \u00fanico que les molesta en ocasiones son los deportistas de ala delta o los paracaidistas principiantes, pero como tienen buen car\u00e1cter, no les incordian demasiado.<\/a><\/p><\/div>\t\t\t\t<\/div>\n\t\t\t\n\t\t\t\t<div class=\"item \" id=\"cptbc-item-627\" >\n\t\t\t\t\t<a href=\"\/animals-es\/clan\/sakkari\/\"><img decoding=\"async\" src=\"http:\/\/www.abatonsworld.com\/animals-es\/wp-content\/uploads\/sites\/10\/2014\/09\/Desert.jpg\" class=\"attachment-full size-full wp-post-image\" alt=\"\" srcset=\"http:\/\/www.abatonsworld.com\/animals-es\/wp-content\/uploads\/sites\/10\/2014\/09\/Desert.jpg 792w, http:\/\/www.abatonsworld.com\/animals-es\/wp-content\/uploads\/sites\/10\/2014\/09\/Desert-300x204.jpg 300w, http:\/\/www.abatonsworld.com\/animals-es\/wp-content\/uploads\/sites\/10\/2014\/09\/Desert-215x146.jpg 215w, http:\/\/www.abatonsworld.com\/animals-es\/wp-content\/uploads\/sites\/10\/2014\/09\/Desert-103x70.jpg 103w\" sizes=\"(max-width: 792px) 100vw, 792px\" \/><\/a><div class=\"carousel-caption\"><p><a href=\"\/animals-es\/clan\/sakkari\/\">En los desiertos viven los Sakkari, un clan muy especial. Son muy resistentes al sol, y pueden estar varios d\u00edas sin comer ni beber una sola gota de agua, aunque los que viven en el desierto de Sonora en M\u00e9xico aprovechan el agua de los enormes cactus saguaros. Son muy dif\u00edciles de ver ya que se ocultan en la arena, pero si te encuentras con uno no temas ya que como no est\u00e1n acostumbrados a las visitas, no les importa ver caras nuevas.<\/a><\/p><\/div>\t\t\t\t<\/div>\n\t\t\t\n\t\t\t\t<div class=\"item \" id=\"cptbc-item-623\" >\n\t\t\t\t\t<a href=\"\/animals-es\/clan\/nibett\/\"><img decoding=\"async\" src=\"http:\/\/www.abatonsworld.com\/animals-es\/wp-content\/uploads\/sites\/10\/2014\/09\/Mountain.jpg\" class=\"attachment-full size-full wp-post-image\" alt=\"\" srcset=\"http:\/\/www.abatonsworld.com\/animals-es\/wp-content\/uploads\/sites\/10\/2014\/09\/Mountain.jpg 792w, http:\/\/www.abatonsworld.com\/animals-es\/wp-content\/uploads\/sites\/10\/2014\/09\/Mountain-300x204.jpg 300w, http:\/\/www.abatonsworld.com\/animals-es\/wp-content\/uploads\/sites\/10\/2014\/09\/Mountain-215x146.jpg 215w, http:\/\/www.abatonsworld.com\/animals-es\/wp-content\/uploads\/sites\/10\/2014\/09\/Mountain-103x70.jpg 103w\" sizes=\"(max-width: 792px) 100vw, 792px\" \/><\/a><div class=\"carousel-caption\"><p><a href=\"\/animals-es\/clan\/nibett\/\">Los NIBBET son amantes de las alturas, por eso viven en las monta\u00f1as m\u00e1s altas del mundo disfrutando de las impresionantes vistas y de la tranquilidad de estos parajes. De tanto en tanto aparece alg\u00fan escalador o alpinista, pero exceptuando estas visitas, viven en absoluta paz. Aunque les gustar\u00eda ir a conocer a alg\u00fan otro clan Abaton, pensar que tienen que volver a trepar a sus cimas les da pereza.<\/a><\/p><\/div>\t\t\t\t<\/div>\n\t\t\t\t\t\t<\/div>\n\n\t\t\t\t\t\t\t\t<a class=\"left carousel-control\" href=\"#cptbc_571\" data-slide=\"prev\">\u2039<\/a>\n\t\t\t\t\t<a class=\"right carousel-control\" href=\"#cptbc_571\" data-slide=\"next\">\u203a<\/a>\n\t\t\t\t\n\t\t<\/div>\n\n        \t\t<script type=\"text\/javascript\">\n\t\t\tjQuery(document).ready(function() {\n\t\t\t\tjQuery('#cptbc_571').carousel({\n\t\t\t\t\tinterval: 5000\t\t\t\t});\n\t\t\t});\n\t\t<\/script>\n        <\/div>\n","protected":false},"excerpt":{"rendered":"","protected":false},"author":1,"featured_media":0,"parent":0,"menu_order":0,"comment_status":"closed","ping_status":"closed","template":"page-rightsidebar-slider.php","meta":{"footnotes":""},"class_list":["post-8","page","type-page","status-publish","hentry"],"_links":{"self":[{"href":"http:\/\/www.abatonsworld.com\/animals-es\/wp-json\/wp\/v2\/pages\/8","targetHints":{"allow":["GET"]}}],"collection":[{"href":"http:\/\/www.abatonsworld.com\/animals-es\/wp-json\/wp\/v2\/pages"}],"about":[{"href":"http:\/\/www.abatonsworld.com\/animals-es\/wp-json\/wp\/v2\/types\/page"}],"author":[{"embeddable":true,"href":"http:\/\/www.abatonsworld.com\/animals-es\/wp-json\/wp\/v2\/users\/1"}],"replies":[{"embeddable":true,"href":"http:\/\/www.abatonsworld.com\/animals-es\/wp-json\/wp\/v2\/comments?post=8"}],"version-history":[{"count":4,"href":"http:\/\/www.abatonsworld.com\/animals-es\/wp-json\/wp\/v2\/pages\/8\/revisions"}],"predecessor-version":[{"id":297,"href":"http:\/\/www.abatonsworld.com\/animals-es\/wp-json\/wp\/v2\/pages\/8\/revisions\/297"}],"wp:attachment":[{"href":"http:\/\/www.abatonsworld.com\/animals-es\/wp-json\/wp\/v2\/media?parent=8"}],"curies":[{"name":"wp","href":"https:\/\/api.w.org\/{rel}","templated":true}]}}