{"id":8,"date":"2014-02-26T08:51:29","date_gmt":"2014-02-26T08:51:29","guid":{"rendered":"http:\/\/www.abatonsworld.com\/animalses\/?page_id=8"},"modified":"2016-09-20T13:47:45","modified_gmt":"2016-09-20T13:47:45","slug":"de-onde-vem-os-abatons","status":"publish","type":"page","link":"http:\/\/www.abatonsworld.com\/animals-pt\/de-onde-vem-os-abatons\/","title":{"rendered":"De onde v\u00eam os abatons?"},"content":{"rendered":"<div>\t\t<div id=\"cptbc_689\" class=\"carousel slide\"  data-interval=\"5000\">\n\n\t\t\t\n\t\t\t<div class=\"carousel-inner\">\n\t\t\t\n\t\t\t\t<div class=\"item active\" id=\"cptbc-item-625\" >\n\t\t\t\t\t<a href=\"\/animals-es\/clan\/koori\/\"><img decoding=\"async\" src=\"http:\/\/www.abatonsworld.com\/animals-pt\/wp-content\/uploads\/sites\/33\/2014\/09\/Australian.jpg\" class=\"attachment-full size-full wp-post-image\" alt=\"\" srcset=\"http:\/\/www.abatonsworld.com\/animals-pt\/wp-content\/uploads\/sites\/33\/2014\/09\/Australian.jpg 792w, http:\/\/www.abatonsworld.com\/animals-pt\/wp-content\/uploads\/sites\/33\/2014\/09\/Australian-300x204.jpg 300w, http:\/\/www.abatonsworld.com\/animals-pt\/wp-content\/uploads\/sites\/33\/2014\/09\/Australian-215x146.jpg 215w, http:\/\/www.abatonsworld.com\/animals-pt\/wp-content\/uploads\/sites\/33\/2014\/09\/Australian-103x70.jpg 103w\" sizes=\"(max-width: 792px) 100vw, 792px\" \/><\/a><div class=\"carousel-caption\"><p><a href=\"\/animals-es\/clan\/koori\/\">As extens\u00f5es mais remotas da \u00c1sia e Austr\u00e1lia s\u00e3o um para\u00edso para os amantes da natureza. Aqui \u00e9 poss\u00edvel desfrutar de emocionantes aventuras, nadar com tubar\u00f5es-baleia em Ningaloo ou explorar as montanhas dos Himalaias. Contudo, aquilo que \u00e9 verdadeiramente especial nesses lugares s\u00e3o os KOORI. Nenhum guia te ir\u00e1 falar deles e dever\u00e1 ser muito dif\u00edcil avist\u00e1-los. Os KOORI s\u00e3o muito discretos, detestam que os turistas lhes tirem fotografias e utilizam o seu poder de camuflagem para passar despercebidos. A verdade \u00e9 que n\u00e3o t\u00eam grande interesse nos humanos, preferindo prosseguir com as suas atividades tranquilamente, enquanto os coalas ou as montanhas monopolizam a aten\u00e7\u00e3o dos turistas.<\/a><\/p><\/div>\t\t\t\t<\/div>\n\t\t\t\n\t\t\t\t<div class=\"item \" id=\"cptbc-item-298\" >\n\t\t\t\t\t<a href=\"\/animals-es\/clan\/groen\/\"><img decoding=\"async\" src=\"http:\/\/www.abatonsworld.com\/animals-pt\/wp-content\/uploads\/sites\/33\/2014\/03\/Polar.jpg\" class=\"attachment-full size-full wp-post-image\" alt=\"\" srcset=\"http:\/\/www.abatonsworld.com\/animals-pt\/wp-content\/uploads\/sites\/33\/2014\/03\/Polar.jpg 792w, http:\/\/www.abatonsworld.com\/animals-pt\/wp-content\/uploads\/sites\/33\/2014\/03\/Polar-300x204.jpg 300w, http:\/\/www.abatonsworld.com\/animals-pt\/wp-content\/uploads\/sites\/33\/2014\/03\/Polar-215x146.jpg 215w, http:\/\/www.abatonsworld.com\/animals-pt\/wp-content\/uploads\/sites\/33\/2014\/03\/Polar-103x70.jpg 103w\" sizes=\"(max-width: 792px) 100vw, 792px\" \/><\/a><div class=\"carousel-caption\"><p><a href=\"\/animals-es\/clan\/groen\/\">Nos mapas ir\u00e1s encontr\u00e1-lo como P\u00f3lo Norte e P\u00f3lo Sul, ou como \u00c1rtico e Ant\u00e1rtida, mas os habitantes originais destas paragens in\u00f3spitas conhecem-no como Gr\u00f6enland. Poucos animais conseguem sobreviver a temperaturas t\u00e3o baixas, mas os GR\u00d6EN sentem-se perfeitamente bem neste clima e, alem disso, est\u00e3o encantados por n\u00e3o terem quase nenhum vizinho.<\/a><\/p><\/div>\t\t\t\t<\/div>\n\t\t\t\n\t\t\t\t<div class=\"item \" id=\"cptbc-item-621\" >\n\t\t\t\t\t<a href=\"\/animals-es\/clan\/massakkis\/\"><img decoding=\"async\" src=\"http:\/\/www.abatonsworld.com\/animals-pt\/wp-content\/uploads\/sites\/33\/2014\/09\/Sabana.jpg\" class=\"attachment-full size-full wp-post-image\" alt=\"\" srcset=\"http:\/\/www.abatonsworld.com\/animals-pt\/wp-content\/uploads\/sites\/33\/2014\/09\/Sabana.jpg 792w, http:\/\/www.abatonsworld.com\/animals-pt\/wp-content\/uploads\/sites\/33\/2014\/09\/Sabana-300x204.jpg 300w, http:\/\/www.abatonsworld.com\/animals-pt\/wp-content\/uploads\/sites\/33\/2014\/09\/Sabana-215x146.jpg 215w, http:\/\/www.abatonsworld.com\/animals-pt\/wp-content\/uploads\/sites\/33\/2014\/09\/Sabana-103x70.jpg 103w\" sizes=\"(max-width: 792px) 100vw, 792px\" \/><\/a><div class=\"carousel-caption\"><p><a href=\"\/animals-es\/clan\/massakkis\/\">Se visitares o cora\u00e7\u00e3o da savana, sem o saberes, estar\u00e1s a pisar territ\u00f3rio MASSAKKI. Mas de certeza que n\u00e3o os vais encontrar no Serengeti, nem em Masai Mara, pois aborrecem-se com o cont\u00ednuo ass\u00e9dio das c\u00e2maras dos visitantes e est\u00e3o fartos das festas dos massai. Os MASSAKKIS gostam de permanecer invis\u00edveis ao olho humano e s\u00f3 aparecem numa fotografia se lhes apetecer estragar as recorda\u00e7\u00f5es dos turistas. S\u00e3o um pouco brincalh\u00f5es!<\/a><\/p><\/div>\t\t\t\t<\/div>\n\t\t\t\n\t\t\t\t<div class=\"item \" id=\"cptbc-item-317\" >\n\t\t\t\t\t<a href=\"\/animals-es\/clan\/yungas\/\"><img decoding=\"async\" src=\"http:\/\/www.abatonsworld.com\/animals-pt\/wp-content\/uploads\/sites\/33\/2014\/03\/Jungle.jpg\" class=\"attachment-full size-full wp-post-image\" alt=\"\" srcset=\"http:\/\/www.abatonsworld.com\/animals-pt\/wp-content\/uploads\/sites\/33\/2014\/03\/Jungle.jpg 792w, http:\/\/www.abatonsworld.com\/animals-pt\/wp-content\/uploads\/sites\/33\/2014\/03\/Jungle-300x204.jpg 300w, http:\/\/www.abatonsworld.com\/animals-pt\/wp-content\/uploads\/sites\/33\/2014\/03\/Jungle-215x146.jpg 215w, http:\/\/www.abatonsworld.com\/animals-pt\/wp-content\/uploads\/sites\/33\/2014\/03\/Jungle-103x70.jpg 103w\" sizes=\"(max-width: 792px) 100vw, 792px\" \/><\/a><div class=\"carousel-caption\"><p><a href=\"\/animals-es\/clan\/yungas\/\">S\u00f3 os aventureiros se atrevem a penetrar na selva e nas florestas onde \u00e9 dif\u00edcil abrir caminho por entre a frondosa vegeta\u00e7\u00e3o e onde \u00e9 muito f\u00e1cil perder-se se n\u00e3o se conhecer perfeitamente o terreno. Aqui vivem os YUNGAS, aut\u00eanticos exploradores que adoram fazer expedi\u00e7\u00f5es pela selva para observar os excursionistas despistados. \u00c9 quase imposs\u00edvel v\u00ea-los, mas j\u00e1 mais de uma pessoa ouviu as suas gargalhadas!<\/a><\/p><\/div>\t\t\t\t<\/div>\n\t\t\t\n\t\t\t\t<div class=\"item \" id=\"cptbc-item-315\" >\n\t\t\t\t\t<a href=\"\/animals-es\/clan\/atalantir\/\"><img decoding=\"async\" src=\"http:\/\/www.abatonsworld.com\/animals-pt\/wp-content\/uploads\/sites\/33\/2014\/03\/Sea.jpg\" class=\"attachment-full size-full wp-post-image\" alt=\"\" srcset=\"http:\/\/www.abatonsworld.com\/animals-pt\/wp-content\/uploads\/sites\/33\/2014\/03\/Sea.jpg 792w, http:\/\/www.abatonsworld.com\/animals-pt\/wp-content\/uploads\/sites\/33\/2014\/03\/Sea-300x204.jpg 300w, http:\/\/www.abatonsworld.com\/animals-pt\/wp-content\/uploads\/sites\/33\/2014\/03\/Sea-215x146.jpg 215w, http:\/\/www.abatonsworld.com\/animals-pt\/wp-content\/uploads\/sites\/33\/2014\/03\/Sea-103x70.jpg 103w\" sizes=\"(max-width: 792px) 100vw, 792px\" \/><\/a><div class=\"carousel-caption\"><p><a href=\"\/animals-es\/clan\/atalantir\/\">Quem nunca quis encontrar um cofre com um tesouro ou uma cidade escondida no fundo do mar? \u00c9 um sonho dif\u00edcil de cumprir mas n\u00e3o imposs\u00edvel. Se tiveres a sorte de encontrar um ATALANTIR e este estiver de bom humor, talvez te explique algum dos segredos do mundo subaqu\u00e1tico. Vivem nos mares e oceanos e nada lhes escapa.<\/a><\/p><\/div>\t\t\t\t<\/div>\n\t\t\t\n\t\t\t\t<div class=\"item \" id=\"cptbc-item-294\" >\n\t\t\t\t\t<a href=\"\/animals-es\/clan\/icarus\/\"><img decoding=\"async\" src=\"http:\/\/www.abatonsworld.com\/animals-pt\/wp-content\/uploads\/sites\/33\/2014\/03\/Air.jpg\" class=\"attachment-full size-full wp-post-image\" alt=\"\" srcset=\"http:\/\/www.abatonsworld.com\/animals-pt\/wp-content\/uploads\/sites\/33\/2014\/03\/Air.jpg 792w, http:\/\/www.abatonsworld.com\/animals-pt\/wp-content\/uploads\/sites\/33\/2014\/03\/Air-300x204.jpg 300w, http:\/\/www.abatonsworld.com\/animals-pt\/wp-content\/uploads\/sites\/33\/2014\/03\/Air-215x146.jpg 215w, http:\/\/www.abatonsworld.com\/animals-pt\/wp-content\/uploads\/sites\/33\/2014\/03\/Air-103x70.jpg 103w\" sizes=\"(max-width: 792px) 100vw, 792px\" \/><\/a><div class=\"carousel-caption\"><p><a href=\"\/animals-es\/clan\/icarus\/\">Imaginas poder voar? Ter o poder de ver tudo a partir do c\u00e9u \u00e9 um enorme deleite. O Cl\u00e3 Icarus desfruta deste privil\u00e9gio. Para eles n\u00e3o h\u00e1 fronteiras, desfrutam de liberdade plena e est\u00e3o dispersos por todo o mundo. A \u00fanica coisa que por vezes os incomoda s\u00e3o os desportistas de asa delta ou os paraquedistas principiantes, mas como t\u00eam bom feitio, n\u00e3o os incomodam muito.<\/a><\/p><\/div>\t\t\t\t<\/div>\n\t\t\t\n\t\t\t\t<div class=\"item \" id=\"cptbc-item-627\" >\n\t\t\t\t\t<a href=\"\/animals-es\/clan\/sakkari\/\"><img decoding=\"async\" src=\"http:\/\/www.abatonsworld.com\/animals-pt\/wp-content\/uploads\/sites\/33\/2014\/09\/Desert.jpg\" class=\"attachment-full size-full wp-post-image\" alt=\"\" srcset=\"http:\/\/www.abatonsworld.com\/animals-pt\/wp-content\/uploads\/sites\/33\/2014\/09\/Desert.jpg 792w, http:\/\/www.abatonsworld.com\/animals-pt\/wp-content\/uploads\/sites\/33\/2014\/09\/Desert-300x204.jpg 300w, http:\/\/www.abatonsworld.com\/animals-pt\/wp-content\/uploads\/sites\/33\/2014\/09\/Desert-215x146.jpg 215w, http:\/\/www.abatonsworld.com\/animals-pt\/wp-content\/uploads\/sites\/33\/2014\/09\/Desert-103x70.jpg 103w\" sizes=\"(max-width: 792px) 100vw, 792px\" \/><\/a><div class=\"carousel-caption\"><p><a href=\"\/animals-es\/clan\/sakkari\/\">Nos desertos vivem os Sakkari, um cl\u00e3 muito especial. S\u00e3o muito resistentes ao sol e podem estar v\u00e1rios dias sem comer e sem beber uma \u00fanica gota de \u00e1gua, embora os que vivem no deserto de Sonora, no M\u00e9xico, aproveitem a \u00e1gua dos enormes catos saguaros. S\u00e3o muito dif\u00edceis de ver pois escondem-se na areia, mas se encontrares um, n\u00e3o tenhas medo, pois como n\u00e3o est\u00e3o acostumados a visitas, n\u00e3o se importam de ver caras novas.<\/a><\/p><\/div>\t\t\t\t<\/div>\n\t\t\t\n\t\t\t\t<div class=\"item \" id=\"cptbc-item-623\" >\n\t\t\t\t\t<a href=\"\/animals-es\/clan\/nibett\/\"><img decoding=\"async\" src=\"http:\/\/www.abatonsworld.com\/animals-pt\/wp-content\/uploads\/sites\/33\/2014\/09\/Mountain.jpg\" class=\"attachment-full size-full wp-post-image\" alt=\"\" srcset=\"http:\/\/www.abatonsworld.com\/animals-pt\/wp-content\/uploads\/sites\/33\/2014\/09\/Mountain.jpg 792w, http:\/\/www.abatonsworld.com\/animals-pt\/wp-content\/uploads\/sites\/33\/2014\/09\/Mountain-300x204.jpg 300w, http:\/\/www.abatonsworld.com\/animals-pt\/wp-content\/uploads\/sites\/33\/2014\/09\/Mountain-215x146.jpg 215w, http:\/\/www.abatonsworld.com\/animals-pt\/wp-content\/uploads\/sites\/33\/2014\/09\/Mountain-103x70.jpg 103w\" sizes=\"(max-width: 792px) 100vw, 792px\" \/><\/a><div class=\"carousel-caption\"><p><a href=\"\/animals-es\/clan\/nibett\/\">Os NIBBET adoram as alturas, por isso vivem nas montanhas mais altas do mundo desfrutando das impressionantes vistas e da tranquilidade destas paragens. De vez em quando, aparece um escalador ou alpinista, mas excetuando estas visitas, vivem em absoluta paz. Embora gostassem de conhecer outros cl\u00e3s Abaton, pensar que t\u00eam que voltar a trepar para os cumes d\u00e1-lhes pregui\u00e7a.<\/a><\/p><\/div>\t\t\t\t<\/div>\n\t\t\t\t\t\t<\/div>\n\n\t\t\t\t\t\t\t\t<a class=\"left carousel-control\" href=\"#cptbc_689\" data-slide=\"prev\">\u2039<\/a>\n\t\t\t\t\t<a class=\"right carousel-control\" href=\"#cptbc_689\" data-slide=\"next\">\u203a<\/a>\n\t\t\t\t\n\t\t<\/div>\n\n        \t\t<script type=\"text\/javascript\">\n\t\t\tjQuery(document).ready(function() {\n\t\t\t\tjQuery('#cptbc_689').carousel({\n\t\t\t\t\tinterval: 5000\t\t\t\t});\n\t\t\t});\n\t\t<\/script>\n        <\/div>\n","protected":false},"excerpt":{"rendered":"","protected":false},"author":1,"featured_media":0,"parent":0,"menu_order":0,"comment_status":"closed","ping_status":"closed","template":"page-rightsidebar-slider.php","meta":{"footnotes":""},"class_list":["post-8","page","type-page","status-publish","hentry"],"_links":{"self":[{"href":"http:\/\/www.abatonsworld.com\/animals-pt\/wp-json\/wp\/v2\/pages\/8","targetHints":{"allow":["GET"]}}],"collection":[{"href":"http:\/\/www.abatonsworld.com\/animals-pt\/wp-json\/wp\/v2\/pages"}],"about":[{"href":"http:\/\/www.abatonsworld.com\/animals-pt\/wp-json\/wp\/v2\/types\/page"}],"author":[{"embeddable":true,"href":"http:\/\/www.abatonsworld.com\/animals-pt\/wp-json\/wp\/v2\/users\/1"}],"replies":[{"embeddable":true,"href":"http:\/\/www.abatonsworld.com\/animals-pt\/wp-json\/wp\/v2\/comments?post=8"}],"version-history":[{"count":6,"href":"http:\/\/www.abatonsworld.com\/animals-pt\/wp-json\/wp\/v2\/pages\/8\/revisions"}],"predecessor-version":[{"id":4374,"href":"http:\/\/www.abatonsworld.com\/animals-pt\/wp-json\/wp\/v2\/pages\/8\/revisions\/4374"}],"wp:attachment":[{"href":"http:\/\/www.abatonsworld.com\/animals-pt\/wp-json\/wp\/v2\/media?parent=8"}],"curies":[{"name":"wp","href":"https:\/\/api.w.org\/{rel}","templated":true}]}}