{"id":4300,"date":"2015-12-04T11:55:25","date_gmt":"2015-12-04T11:55:25","guid":{"rendered":"http:\/\/www.abatonsworld.com\/starwars-cl\/?page_id=4300"},"modified":"2015-12-04T11:55:25","modified_gmt":"2015-12-04T11:55:25","slug":"politica-de-cookies","status":"publish","type":"page","link":"http:\/\/www.abatonsworld.com\/starwars-cl\/politica-de-cookies\/","title":{"rendered":"POL\u00cdTICA DE COOKIES"},"content":{"rendered":"<p>El Sitio Web utiliza cookies para realizar un seguimiento de las interacciones de los usuarios con los servicios que PPI WORLDWIDE GROUP, S.A. (en adelante, \u201cPPI WORLDWIDE\u201d), presta y para mejorar su experiencia en el Sitio Web.<\/p>\n<p>&nbsp;<\/p>\n<h4>Concepto de Cookies:<\/h4>\n<p>Las cookies son peque\u00f1os archivos de texto que se descargan y almacenan en el terminal (ordenador\/smartphone\/tablet) del usuario al acceder a determinadas p\u00e1ginas web y que permiten al Sitio Web recordar preferencias de navegaci\u00f3n y navegar de manera eficiente, haciendo que la interacci\u00f3n entre el usuario y el Sitio Web sea m\u00e1s r\u00e1pida y f\u00e1cil.<\/p>\n<p>La informaci\u00f3n recogida por las cookies es an\u00f3nima y no contiene ninguna informaci\u00f3n sensible (como el nombre, direcci\u00f3n o detalles bancarios) ya que \u00e9stas no recogen datos que puedan identificar personalmente al usuario.<\/p>\n<p>&nbsp;<\/p>\n<h4>Tipos de cookies utilizadas:<\/h4>\n<p>El Sitio Web utiliza cookies, p\u00edxeles u otros dispositivos de almacenamiento y recuperaci\u00f3n de informaci\u00f3n para realizar un seguimiento de las interacciones de los usuarios en el Sitio Web. Los tipos de cookies que utiliza el Sitio Web son los siguientes:<\/p>\n<p><strong>Cookies Propias: <\/strong><em>Estas cookies permiten que el Sitio Web funcione correctamente por lo que son esenciales para que el usuario pueda usar todas las opciones del Sitio Web y pueda navegar por el mismo con normalidad.<\/em><\/p>\n<p><strong>Cookies de Terceros: <\/strong><em>Son aqu\u00e9llas que se env\u00edan al equipo terminal del usuario desde un equipo o dominio que no es gestionado por PPI WORLDWIDE, sino por otra entidad que trata los datos obtenidos trav\u00e9s de las cookies.<\/em><\/p>\n<p>&nbsp;<\/p>\n<p><strong>Relaci\u00f3n y descripci\u00f3n de cookies utilizadas:<\/strong><\/p>\n<table class=\"taula-cookies\">\n<tbody>\n<tr>\n<td width=\"439\"><em>Nombre cookie:<\/em> <strong>PHPSESSID<\/strong><br \/>\n<em>Descripci\u00f3n de la cookie:<\/em> Esta cookie es usado por el lenguaje de encriptado PHP para permitir que las variables de SESI\u00d3N sean guardadas en el servidor web. Esta cookies es esencial para el funcionamiento de la web.<br \/>\n<em>Duraci\u00f3n de la cookie:<\/em> Durante la sesi\u00f3n<\/td>\n<\/tr>\n<tr>\n<td width=\"439\"><em>Nombre cookie:<\/em> <strong>WordPress_*<\/strong><br \/>\n<em>Descripci\u00f3n de la cookie:<\/em> Guarda los detalles de la autentificaci\u00f3n en WordPress. S\u00f3lo se guarda en el equipo del administrador de la web<br \/>\n<em>Duraci\u00f3n de la cookie:<\/em> Durante la sesi\u00f3n<\/td>\n<\/tr>\n<tr>\n<td width=\"439\"><em>Nombre cookie:<\/em> <strong>__utmc<\/strong><br \/>\n<em>Descripci\u00f3n de la cookie:<\/em> Google Analytics. Se usa para determinar si el usuario est\u00e1 en una nueva sesi\u00f3n o visita.<br \/>\n<em>Duraci\u00f3n de la cookie:<\/em> Durante la sesi\u00f3n<br \/>\n<em>M\u00e1s informaci\u00f3n: <\/em><a href=\"https:\/\/developers.google.com\/analytics\/devguides\/collection\/analyticsjs\/cookie-usage?hl=es\">Google Analytics &#8211; Uso de cookies<\/a><\/td>\n<\/tr>\n<tr>\n<td width=\"439\"><em>Nombre cookie:<\/em> <strong>__utmt<\/strong><br \/>\n<em>Descripci\u00f3n de la cookie<\/em>: Google Analytics. Se usa para limitar el porcentaje de solicitudes.<br \/>\n<em>Duraci\u00f3n de la cookie:<\/em> 10 min<br \/>\n<em>M\u00e1s informaci\u00f3n:<\/em> <a href=\"https:\/\/developers.google.com\/analytics\/devguides\/collection\/analyticsjs\/cookie-usage?hl=es\">Google Analytics &#8211; Uso de cookies<\/a><\/td>\n<\/tr>\n<tr>\n<td width=\"439\"><em>Nombre cookie:<\/em> <strong>__utmb<\/strong><br \/>\n<em>Descripci\u00f3n de la cookie:<\/em> Google Analytics. Se usa para determinar nuevas sesiones o visitas. La cookie se crea cuando se ejecuta la biblioteca JavaScript y no hay ninguna cookie __utmb. La cookie se actualiza cada vez que se env\u00edan datos a Google Analytics.<br \/>\n<em>Duraci\u00f3n de la cookie:<\/em> 30 min<br \/>\n<em>M\u00e1s informaci\u00f3n:<\/em> <a href=\"https:\/\/developers.google.com\/analytics\/devguides\/collection\/analyticsjs\/cookie-usage?hl=es\">Google Analytics &#8211; Uso de cookies<\/a><\/td>\n<\/tr>\n<tr>\n<td width=\"439\"><em>Nombre cookie:<\/em> <strong>__utmz<\/strong><br \/>\n<em>Descripci\u00f3n de la cookie:<\/em> Google Analytics. Almacena la fuente de tr\u00e1fico o la campa\u00f1a que explica c\u00f3mo ha llegado el usuario al sitio. La cookie se crea cuando se ejecuta la biblioteca JavaScript y se actualiza cada vez que se env\u00edan datos a Google Analytics.<br \/>\n<em>Duraci\u00f3n de la cookie:<\/em> 6 meses<br \/>\n<em>M\u00e1s informaci\u00f3n: <\/em><a href=\"https:\/\/developers.google.com\/analytics\/devguides\/collection\/analyticsjs\/cookie-usage?hl=es\">Google Analytics &#8211; Uso de cookies<\/a><\/td>\n<\/tr>\n<tr>\n<td width=\"439\"><em>Nombre cookie:<\/em> <strong>viewed_cookie_policy<\/strong><br \/>\n<em>Descripci\u00f3n de la cookie:<\/em> Cookies de uso interno necesaria para el funcionamiento de la\u00a0visualizaci\u00f3n\u00a0de la pol\u00edtica de cookies de la web.<br \/>\n<em>Duraci\u00f3n de la cookie:<\/em> 1 a\u00f1o<br \/>\n<em>M\u00e1s informaci\u00f3n:<\/em> <a href=\"https:\/\/wordpress.org\/plugins\/cookie-law-info\/\">https:\/\/wordpress.org\/plugins\/cookie-law-info\/<\/a><\/td>\n<\/tr>\n<tr>\n<td width=\"439\"><em>Nombre cookie:<\/em> <strong>__utma<\/strong><br \/>\n<em>Descripci\u00f3n de la cookie:<\/em> Google Analytics. Se usa para distinguir usuarios y sesiones. La cookie se crea cuando se ejecuta la biblioteca JavaScript y no hay ninguna cookie __utma. La cookie se actualiza cada vez que se env\u00edan datos a Google Analytics.<br \/>\n<em>Duraci\u00f3n de la cookie:<\/em> 2 a\u00f1os<br \/>\n<em>M\u00e1s informaci\u00f3n:<\/em> <a href=\"https:\/\/developers.google.com\/analytics\/devguides\/collection\/analyticsjs\/cookie-usage?hl=es\">Google Analytics &#8211; Uso de cookies<\/a><\/td>\n<\/tr>\n<\/tbody>\n<\/table>\n<p>&nbsp;<\/p>\n<h4>C\u00f3mo deshabilitar las cookies:<\/h4>\n<p>La mayor\u00eda de navegadores web permiten gestionar las preferencias de cookies, para tener un control m\u00e1s preciso sobre la privacidad.<\/p>\n<p>Los siguientes links muestran las instrucciones para desactivar la configuraci\u00f3n de las cookies en cada navegador:<\/p>\n<ol>\n<li><strong>Internet Explorer<\/strong> (<a href=\"http:\/\/goo.gl\/vFM6gb\" target=\"_blank\">http:\/\/goo.gl\/vFM6gb<\/a>)<\/li>\n<\/ol>\n<ul>\n<li>En el men\u00fa de herramientas, seleccione \u201cOpciones de Internet\u201d.<\/li>\n<li>Haga clic en la pesta\u00f1a de privacidad.<\/li>\n<li>Podr\u00e1 configurar la privacidad con un cursor con seis posiciones que le permite controlar la cantidad de cookies que se instalar\u00e1n: Bloquear todas las cookies, Alta, Media Alto, Media (nivel por defecto), Baja, y Aceptar todas las cookies.<\/li>\n<\/ul>\n<ol start=\"2\">\n<li><strong>Mozilla Firefox<\/strong> (<a href=\"https:\/\/goo.gl\/CTkAGV\" target=\"_blank\">https:\/\/goo.gl\/CTkAGV<\/a>)<\/li>\n<\/ol>\n<ul>\n<li>En la parte superior de la ventana de Firefox hacer clic en el men\u00fa Herramientas.<\/li>\n<li>Seleccionar Opciones.<\/li>\n<li>Seleccionar el panel Privacidad.<\/li>\n<li>En la opci\u00f3n Firefox podr\u00e1 elegir Usar una configuraci\u00f3n personalizada para el historial para configurar las opciones.<\/li>\n<\/ul>\n<ol start=\"3\">\n<li><strong>Google Chrome<\/strong> (<a href=\"http:\/\/goo.gl\/fQnkSB\" target=\"_blank\">http:\/\/goo.gl\/fQnkSB<\/a>)<\/li>\n<\/ol>\n<ul>\n<li>Hacer clic en el men\u00fa situado en la barra de herramientas.<\/li>\n<li>Seleccionar Configuraci\u00f3n.<\/li>\n<li>Hacer clic en Mostar opciones avanzadas.<\/li>\n<li>En la secci\u00f3n &#8216;Privacidad&#8217; hacer clic en el bot\u00f3n Configuraci\u00f3n de contenido.<\/li>\n<li>En la secci\u00f3n de &#8216;Cookies&#8217; se pueden configurar las opciones.<\/li>\n<\/ul>\n<p><strong>4<\/strong>. <strong>Safari<\/strong> (<a href=\"https:\/\/goo.gl\/PCjEm3\" target=\"_blank\">https:\/\/goo.gl\/PCjEm3<\/a> \/ <a href=\"https:\/\/goo.gl\/dQywEo\" target=\"_blank\">https:\/\/goo.gl\/dQywEo<\/a>)<\/p>\n<p>En el men\u00fa de configuraci\u00f3n, seleccione la opci\u00f3n de \u201cpreferencias\u201d.<\/p>\n<ul>\n<li>Abra la pesta\u00f1a de privacidad.<\/li>\n<li>Seleccione la opci\u00f3n que quiera de la secci\u00f3n de \u201cbloquear cookies\u201d.<\/li>\n<li>Recuerde que ciertas funciones y la plena funcionalidad del Sitio pueden no estar disponibles despu\u00e9s de deshabilitar los cookies.<\/li>\n<\/ul>\n<p>Si desea no ser rastreado por las cookies, Google ha desarrollado un complemento para instalar en su navegador al que puede acceder en el siguiente enlace: <a href=\"http:\/\/goo.gl\/up4ND\" target=\"_blank\">http:\/\/goo.gl\/up4ND<\/a>.<\/p>\n<p>&nbsp;<\/p>\n<h4>Cookies en los dispositivos m\u00f3viles:<\/h4>\n<p>El Sitio Web tambi\u00e9n usa cookies u otros dispositivos de almacenamiento en dispositivos m\u00f3viles. En este caso, al igual que sucede en los navegadores de ordenadores, los navegadores de los dispositivos m\u00f3viles permiten configurar las opciones o ajustes de privacidad para desactivar o eliminar las cookies.<\/p>\n<p>Si desea modificar las opciones de privacidad siga las instrucciones especificadas por el desarrollador de su navegador para dispositivo m\u00f3vil.<\/p>\n<p>Asimismo, a continuaci\u00f3n podr\u00e1 encontrar algunos ejemplos de los links que le guiar\u00e1n para modificar las opciones de privacidad en su dispositivo m\u00f3vil:<\/p>\n<p><strong>IOS<\/strong>: (<a href=\"http:\/\/goo.gl\/61xevS\" target=\"_blank\">http:\/\/goo.gl\/61xevS<\/a>)<\/p>\n<p><strong>Windows Phone<\/strong>: (<a href=\"http:\/\/goo.gl\/Rx8QQ\" target=\"_blank\">http:\/\/goo.gl\/Rx8QQ<\/a>)<\/p>\n<p><strong>Chrome Mobile<\/strong>: (<a href=\"http:\/\/goo.gl\/XJp7N\" target=\"_blank\">http:\/\/goo.gl\/XJp7N<\/a>)<\/p>\n<p><strong>Opera Mobile:<\/strong> (<a href=\"http:\/\/goo.gl\/Nzr8s7\" target=\"_blank\">http:\/\/goo.gl\/Nzr8s7<\/a>)<\/p>\n<p>&nbsp;<\/p>\n<h4>Aceptaci\u00f3n de cookies:<\/h4>\n<p>Si usted contin\u00faa su navegaci\u00f3n, entenderemos que acepta la utilizaci\u00f3n de las cookies por parte del Sitio Web.<\/p>\n<p>Le informamos que en el caso de bloquear o no aceptar la instalaci\u00f3n de cookies, es posible que ciertos servicios no est\u00e9n disponibles sin la utilizaci\u00f3n de \u00e9stas o que no pueda acceder a determinados servicios ni tampoco aprovechar por completo todo lo que este Sitio Web le ofrece.<\/p>\n<p>Para m\u00e1s informaci\u00f3n, puede consultar la <a href=\"https:\/\/www.agpd.es\/portalwebAGPD\/canaldocumentacion\/publicaciones\/common\/Guias\/Guia_Cookies.pdf\" target=\"_blank\">gu\u00eda sobre el uso de las cookies<\/a> de la Agencia Espa\u00f1ola de Protecci\u00f3n de Datos.<\/p>\n","protected":false},"excerpt":{"rendered":"<p>El Sitio Web utiliza cookies para realizar un seguimiento de las interacciones de los usuarios con los servicios que PPI WORLDWIDE GROUP, S.A. (en adelante, \u201cPPI WORLDWIDE\u201d), presta y para mejorar su experiencia en el Sitio Web. &nbsp; Concepto de Cookies: Las cookies son peque\u00f1os archivos de texto que se descargan y almacenan en el&#8230;  <a href=\"http:\/\/www.abatonsworld.com\/starwars-cl\/politica-de-cookies\/\" class=\"more-link\" title=\"Read POL\u00cdTICA DE COOKIES\">Read more &raquo;<\/a><\/p>\n","protected":false},"author":1,"featured_media":0,"parent":0,"menu_order":0,"comment_status":"closed","ping_status":"open","template":"","meta":{"footnotes":""},"class_list":["post-4300","page","type-page","status-publish","hentry"],"_links":{"self":[{"href":"http:\/\/www.abatonsworld.com\/starwars-cl\/wp-json\/wp\/v2\/pages\/4300","targetHints":{"allow":["GET"]}}],"collection":[{"href":"http:\/\/www.abatonsworld.com\/starwars-cl\/wp-json\/wp\/v2\/pages"}],"about":[{"href":"http:\/\/www.abatonsworld.com\/starwars-cl\/wp-json\/wp\/v2\/types\/page"}],"author":[{"embeddable":true,"href":"http:\/\/www.abatonsworld.com\/starwars-cl\/wp-json\/wp\/v2\/users\/1"}],"replies":[{"embeddable":true,"href":"http:\/\/www.abatonsworld.com\/starwars-cl\/wp-json\/wp\/v2\/comments?post=4300"}],"version-history":[{"count":1,"href":"http:\/\/www.abatonsworld.com\/starwars-cl\/wp-json\/wp\/v2\/pages\/4300\/revisions"}],"predecessor-version":[{"id":4301,"href":"http:\/\/www.abatonsworld.com\/starwars-cl\/wp-json\/wp\/v2\/pages\/4300\/revisions\/4301"}],"wp:attachment":[{"href":"http:\/\/www.abatonsworld.com\/starwars-cl\/wp-json\/wp\/v2\/media?parent=4300"}],"curies":[{"name":"wp","href":"https:\/\/api.w.org\/{rel}","templated":true}]}}