{"id":711,"date":"2014-09-30T11:41:18","date_gmt":"2014-09-30T11:41:18","guid":{"rendered":"http:\/\/www.abatonsworld.com\/animalses\/?page_id=711"},"modified":"2015-12-04T11:54:45","modified_gmt":"2015-12-04T11:54:45","slug":"aviso-legal","status":"publish","type":"page","link":"http:\/\/www.abatonsworld.com\/starwars-cl\/aviso-legal\/","title":{"rendered":"AVISO LEGAL"},"content":{"rendered":"<p>El presente Aviso Legal regula el acceso, navegaci\u00f3n y uso del sitio web (en adelante, el \u201cSitio Web\u201d).<\/p>\n<p>&nbsp;<\/p>\n<p><strong>1.-DERECHO DE LA INFORMACI\u00d3N<\/strong><\/p>\n<p>En cumplimiento con el deber de informaci\u00f3n recogido en art\u00edculo 10 de la Ley 34\/2002, de 11 de Julio, de Servicios de la Sociedad de la Informaci\u00f3n y del Comercio Electr\u00f3nico, le informamos que el Sitio Web es titularidad de PPI WORLDWIDE GROUP, S.A. (en adelante, \u201cPPI WORLDWIDE\u201d)con NIF 1463613-1-640275 y con domicilio en Avenida Samuel Lewis, Calle 58, Obarrio, Torre ADR, Sexto Piso, Oficina 6 C. Panam\u00e1, C\u00f3digo Postal: \u00a00832-0397, REPUBLICA DE PANAMA e inscrita en la Secci\u00f3n Mercantil del Registro P\u00fablico a la Ficha 640275 Documento 1463613.<\/p>\n<p>Usted puede ponerse en contacto con nosotros a trav\u00e9s de la siguiente direcci\u00f3n de correo electr\u00f3nico <a href=\"mailto:info@abatonsworld.com\">info@abatonsworld.com<\/a> .<\/p>\n<p>&nbsp;<\/p>\n<p><strong>2.- USUARIOS<\/strong><\/p>\n<p>El acceso y\/o uso al Sitio Web le atribuye la condici\u00f3n de Usuario, y acepta, desde dicho acceso y\/o uso, el presente Aviso Legal.<\/p>\n<p>&nbsp;<\/p>\n<p><strong>3.- USO DEL SITIO WEB<\/strong><\/p>\n<p>El Sitio Web puede proporcionar acceso a multitud de textos, gr\u00e1ficos, dibujos, dise\u00f1os, c\u00f3digos, software, fotograf\u00edas, m\u00fasica, v\u00eddeos, sonidos, bases de datos, im\u00e1genes, expresiones e informaciones (en adelante, &#8220;Contenidos&#8221;) pertenecientes a PPI WORLDWIDE o a terceros a los que el Usuario puede tener acceso.<\/p>\n<p>El Usuario asume la responsabilidad del uso del Sitio Web. Dicha responsabilidad se extiende al registro que, en su caso, sea necesario para acceder a los Contenidos y servicios que preste el Sitio Web.<\/p>\n<p>El Usuario se compromete a hacer un uso adecuado de los Contenidos y servicios ofrecidos a trav\u00e9s del Sitio Web y con car\u00e1cter enunciativo pero no limitativo, a no emplearlos para (i) incurrir en actividades il\u00edcitas, ilegales o contrarias a la buena fe y al orden p\u00fablico; (ii) provocar da\u00f1os en los sistemas f\u00edsicos y l\u00f3gicos PPI WORLDWIDE\u00a0 \u00a0del Sitio Web, de sus proveedores o de terceras personas, (iii) introducir o difundir en la red virus inform\u00e1ticos o cualesquiera otros sistemas f\u00edsicos o l\u00f3gicos que sean susceptibles de provocar los da\u00f1os anteriormente mencionados.<\/p>\n<p>&nbsp;<\/p>\n<p><strong>4.- PROPIEDAD INTELECTUAL<\/strong><\/p>\n<p>Todos los derechos de propiedad intelectual del Contenido, dise\u00f1o y c\u00f3digo fuente de este Sitio Web son propiedad exclusiva de PPI WORLDWIDE, o bien de terceros que han autorizado a PPI WORLDWIDE para la utilizaci\u00f3n de los mismos en su Sitio Web, correspondi\u00e9ndoles el ejercicio exclusivo de los derechos de explotaci\u00f3n de los mismos.<\/p>\n<p>Por ello y en virtud de lo dispuesto en el Real Decreto Legislativo 1\/1996, de 12 de Abril, por el que se aprueba el Texto Refundido de la Ley de Propiedad Intelectual, as\u00ed como en la Ley 17\/2001, de 7 de diciembre, de Marcas y la legislaci\u00f3n complementaria en materia de propiedad intelectual e industrial, queda prohibida la reproducci\u00f3n, transmisi\u00f3n, adaptaci\u00f3n, traducci\u00f3n, distribuci\u00f3n, comunicaci\u00f3n p\u00fablica, incluida su modalidad de puesta a disposici\u00f3n, o cualquier otra explotaci\u00f3n y\/o modificaci\u00f3n, de la totalidad o parte de los Contenidos del Sitio Web, sin previa autorizaci\u00f3n expresa de PPI WORLDWIDE.<\/p>\n<p>PPI WORLDWIDE no concede ninguna licencia o autorizaci\u00f3n de uso de ninguna clase sobre sus derechos de propiedad intelectual e industrial o sobre cualquier otra propiedad o derecho relacionado con el Sitio Web, y en ning\u00fan caso se entender\u00e1 que el acceso y navegaci\u00f3n del Usuario implica una renuncia, transmisi\u00f3n, licencia o cesi\u00f3n total ni parcial de dichos derechos por parte de PPI WORLDWIDE.<\/p>\n<p>Cualquier uso de esos Contenidos y servicios no autorizado previamente por parte de PPI WORLDWIDE ser\u00e1 considerado un incumplimiento grave de los derechos de propiedad intelectual o industrial y dar\u00e1 lugar a las responsabilidades legalmente establecidas.<\/p>\n<p>&nbsp;<\/p>\n<p><strong>5.- RESPONSABILIDAD Y GARANT\u00cdAS<\/strong><\/p>\n<p>PPI WORLDWIDE declara que ha adoptado las medidas necesarias que, dentro de sus posibilidades y el estado de la tecnolog\u00eda, permitan el correcto funcionamiento de su Sitio Web as\u00ed como la ausencia de virus y componentes da\u00f1inos. Sin embargo, PPI WORLDWIDE\u00a0 \u00a0no puede hacerse responsable de: (a) la continuidad y disponibilidad de los Contenidos y servicios; (b) la ausencia de errores en dichos Contenidos ni la correcci\u00f3n de cualquier defecto que pudiera ocurrir; (c) la ausencia de virus y\/o dem\u00e1s componentes da\u00f1inos; (d) los da\u00f1os o perjuicios que cause cualquier persona que vulnere los sistemas de seguridad de PPI WORLDWIDE.<\/p>\n<p>PPI WORLDWIDE podr\u00e1 suspender temporalmente y sin previo aviso, la accesibilidad al Sitio Web con motivo de operaciones de mantenimiento, reparaci\u00f3n, actualizaci\u00f3n o mejora. No obstante, siempre que las circunstancias lo permitan, PPI WORLDWIDE\u00a0 \u00a0comunicar\u00e1 al Usuario, con antelaci\u00f3n suficiente, la fecha prevista para la suspensi\u00f3n del acceso al Sitio web.<\/p>\n<p>PPI WORLDWIDE no se responsabiliza del uso que los usuarios puedan hacer de los Contenidos y servicios incluidos en el Sitio Web. En consecuencia, PPI WORLDWIDE no garantiza que el uso que los usuarios puedan hacer de los Contenidos y servicios que en su caso se incluyan en el Sitio Web, se ajusten al presente Aviso Legal, ni que lo hagan de forma diligente.<\/p>\n<p>&nbsp;<\/p>\n<p><strong>6.- HIPERV\u00cdNCULOS<\/strong><\/p>\n<p>El Sitio Web puede contener hiperv\u00ednculos que permitan al Usuario acceder a p\u00e1ginas Web de terceros. PPI WORLDWIDE no asume ninguna responsabilidad por el Contenido, informaciones o que pudieran aparecer en dichos sitios, que se entender\u00e1n ofrecidos exclusivamente con car\u00e1cter informativo por parte de PPI WORLDWIDE, y que en ning\u00fan caso implican aceptaci\u00f3n o respaldo alguno entre PPI WORLDWIDE \u00a0y las personas o entidades titulares de tales Contenidos o titulares de los sitios donde se encuentren. En consecuencia el usuario accede bajo su exclusiva responsabilidad a los referidos sitios web.<\/p>\n<p>&nbsp;<\/p>\n<p><strong>7.- DURACI\u00d3N Y MODIFICACI\u00d3N<\/strong><\/p>\n<p>Las condiciones del presente Aviso Legal estar\u00e1n vigentes hasta que sean modificadas, pudiendo PPI WORLDWIDE efectuar estos cambios que ser\u00e1n comunicados al Usuario.<\/p>\n<p>PPI WORLDWIDE podr\u00e1 suprimir, a\u00f1adir o cambiar tanto los Contenidos como los servicios que presta, as\u00ed como tambi\u00e9n la forma en la que los mismos aparezcan localizados o presentados. Se entienden como vigentes, las condiciones que est\u00e9n publicadas en el momento en el que el usuario acceda al Sitio Web de PPI WORLD IDE.<\/p>\n<p>El acceso y\/o el uso del Sitio Web se entender\u00e1n como una aceptaci\u00f3n por parte del usuario de las condiciones del presente Aviso Legal y, en su caso, los cambios efectuados en las mismas.<\/p>\n","protected":false},"excerpt":{"rendered":"<p>El presente Aviso Legal regula el acceso, navegaci\u00f3n y uso del sitio web (en adelante, el \u201cSitio Web\u201d). &nbsp; 1.-DERECHO DE LA INFORMACI\u00d3N En cumplimiento con el deber de informaci\u00f3n recogido en art\u00edculo 10 de la Ley 34\/2002, de 11 de Julio, de Servicios de la Sociedad de la Informaci\u00f3n y del Comercio Electr\u00f3nico, le&#8230;  <a href=\"http:\/\/www.abatonsworld.com\/starwars-cl\/aviso-legal\/\" class=\"more-link\" title=\"Read AVISO LEGAL\">Read more &raquo;<\/a><\/p>\n","protected":false},"author":1,"featured_media":0,"parent":0,"menu_order":0,"comment_status":"closed","ping_status":"open","template":"","meta":{"footnotes":""},"class_list":["post-711","page","type-page","status-publish","hentry"],"_links":{"self":[{"href":"http:\/\/www.abatonsworld.com\/starwars-cl\/wp-json\/wp\/v2\/pages\/711","targetHints":{"allow":["GET"]}}],"collection":[{"href":"http:\/\/www.abatonsworld.com\/starwars-cl\/wp-json\/wp\/v2\/pages"}],"about":[{"href":"http:\/\/www.abatonsworld.com\/starwars-cl\/wp-json\/wp\/v2\/types\/page"}],"author":[{"embeddable":true,"href":"http:\/\/www.abatonsworld.com\/starwars-cl\/wp-json\/wp\/v2\/users\/1"}],"replies":[{"embeddable":true,"href":"http:\/\/www.abatonsworld.com\/starwars-cl\/wp-json\/wp\/v2\/comments?post=711"}],"version-history":[{"count":9,"href":"http:\/\/www.abatonsworld.com\/starwars-cl\/wp-json\/wp\/v2\/pages\/711\/revisions"}],"predecessor-version":[{"id":4299,"href":"http:\/\/www.abatonsworld.com\/starwars-cl\/wp-json\/wp\/v2\/pages\/711\/revisions\/4299"}],"wp:attachment":[{"href":"http:\/\/www.abatonsworld.com\/starwars-cl\/wp-json\/wp\/v2\/media?parent=711"}],"curies":[{"name":"wp","href":"https:\/\/api.w.org\/{rel}","templated":true}]}}