{"id":8,"date":"2014-02-26T08:51:29","date_gmt":"2014-02-26T08:51:29","guid":{"rendered":"http:\/\/www.abatonsworld.com\/animalses\/?page_id=8"},"modified":"2014-03-28T11:01:12","modified_gmt":"2014-03-28T11:01:12","slug":"de-donde-vienen-los-abatons","status":"publish","type":"page","link":"http:\/\/www.abatonsworld.com\/starwars-cl\/de-donde-vienen-los-abatons\/","title":{"rendered":"\u00bfde d\u00f3nde vienen los abatons?"},"content":{"rendered":"<div>\t\t<div id=\"cptbc_150\" class=\"carousel slide\"  data-interval=\"5000\">\n\n\t\t\t\n\t\t\t<div class=\"carousel-inner\">\n\t\t\t\n\t\t\t\t<div class=\"item active\" id=\"cptbc-item-298\" >\n\t\t\t\t\t<img decoding=\"async\" src=\"http:\/\/www.abatonsworld.com\/starwars-cl\/wp-content\/uploads\/sites\/18\/2016\/01\/EpisodeI.jpg\" class=\"attachment-full size-full wp-post-image\" alt=\"\" srcset=\"http:\/\/www.abatonsworld.com\/starwars-cl\/wp-content\/uploads\/sites\/18\/2016\/01\/EpisodeI.jpg 792w, http:\/\/www.abatonsworld.com\/starwars-cl\/wp-content\/uploads\/sites\/18\/2016\/01\/EpisodeI-300x204.jpg 300w, http:\/\/www.abatonsworld.com\/starwars-cl\/wp-content\/uploads\/sites\/18\/2016\/01\/EpisodeI-215x146.jpg 215w, http:\/\/www.abatonsworld.com\/starwars-cl\/wp-content\/uploads\/sites\/18\/2016\/01\/EpisodeI-103x70.jpg 103w\" sizes=\"(max-width: 792px) 100vw, 792px\" \/><div class=\"carousel-caption\"><p>El joven Anakin Skywalker crece como esclavo en Tatooine hasta que el jedi Qui-Gon Jinn descubre que la Fuerza es poderosa en \u00e9l, y entonces su destino cambia para siempre.<\/p><\/div>\t\t\t\t<\/div>\n\t\t\t\n\t\t\t\t<div class=\"item \" id=\"cptbc-item-4268\" >\n\t\t\t\t\t<img decoding=\"async\" src=\"http:\/\/www.abatonsworld.com\/starwars-cl\/wp-content\/uploads\/sites\/18\/2015\/10\/II-Jango.jpg\" class=\"attachment-full size-full wp-post-image\" alt=\"\" srcset=\"http:\/\/www.abatonsworld.com\/starwars-cl\/wp-content\/uploads\/sites\/18\/2015\/10\/II-Jango.jpg 792w, http:\/\/www.abatonsworld.com\/starwars-cl\/wp-content\/uploads\/sites\/18\/2015\/10\/II-Jango-300x204.jpg 300w, http:\/\/www.abatonsworld.com\/starwars-cl\/wp-content\/uploads\/sites\/18\/2015\/10\/II-Jango-215x146.jpg 215w, http:\/\/www.abatonsworld.com\/starwars-cl\/wp-content\/uploads\/sites\/18\/2015\/10\/II-Jango-103x70.jpg 103w\" sizes=\"(max-width: 792px) 100vw, 792px\" \/><div class=\"carousel-caption\"><p>Las Guerras Clon han empezado, y una Rep\u00fablica menguada de fuerzas se enfrenta a los Separatistas sin saber que la batalla real se libra en su propio seno.<\/p><\/div>\t\t\t\t<\/div>\n\t\t\t\n\t\t\t\t<div class=\"item \" id=\"cptbc-item-317\" >\n\t\t\t\t\t<img decoding=\"async\" src=\"http:\/\/www.abatonsworld.com\/starwars-cl\/wp-content\/uploads\/sites\/18\/2016\/01\/EpisodeIII.jpg\" class=\"attachment-full size-full wp-post-image\" alt=\"\" srcset=\"http:\/\/www.abatonsworld.com\/starwars-cl\/wp-content\/uploads\/sites\/18\/2016\/01\/EpisodeIII.jpg 792w, http:\/\/www.abatonsworld.com\/starwars-cl\/wp-content\/uploads\/sites\/18\/2016\/01\/EpisodeIII-300x204.jpg 300w, http:\/\/www.abatonsworld.com\/starwars-cl\/wp-content\/uploads\/sites\/18\/2016\/01\/EpisodeIII-215x146.jpg 215w, http:\/\/www.abatonsworld.com\/starwars-cl\/wp-content\/uploads\/sites\/18\/2016\/01\/EpisodeIII-103x70.jpg 103w\" sizes=\"(max-width: 792px) 100vw, 792px\" \/><div class=\"carousel-caption\"><p>Los sith han jurado destruir la Orden Jedi y tienen un arma secreta para conseguirlo: el caballero Anakin Skywalker, seducido por el lado oscuro.<\/p><\/div>\t\t\t\t<\/div>\n\t\t\t\n\t\t\t\t<div class=\"item \" id=\"cptbc-item-625\" >\n\t\t\t\t\t<img decoding=\"async\" src=\"http:\/\/www.abatonsworld.com\/starwars-cl\/wp-content\/uploads\/sites\/18\/2015\/10\/IV-Tattooine.jpg\" class=\"attachment-full size-full wp-post-image\" alt=\"\" srcset=\"http:\/\/www.abatonsworld.com\/starwars-cl\/wp-content\/uploads\/sites\/18\/2015\/10\/IV-Tattooine.jpg 792w, http:\/\/www.abatonsworld.com\/starwars-cl\/wp-content\/uploads\/sites\/18\/2015\/10\/IV-Tattooine-300x204.jpg 300w, http:\/\/www.abatonsworld.com\/starwars-cl\/wp-content\/uploads\/sites\/18\/2015\/10\/IV-Tattooine-215x146.jpg 215w, http:\/\/www.abatonsworld.com\/starwars-cl\/wp-content\/uploads\/sites\/18\/2015\/10\/IV-Tattooine-103x70.jpg 103w\" sizes=\"(max-width: 792px) 100vw, 792px\" \/><div class=\"carousel-caption\"><p>El joven Luke Skywalker siempre ha querido vivir grandes aventuras, pero cuando lo consigue, \r\ndescubre la realidad m\u00e1s all\u00e1 de Tatooine.<\/p><\/div>\t\t\t\t<\/div>\n\t\t\t\n\t\t\t\t<div class=\"item \" id=\"cptbc-item-294\" >\n\t\t\t\t\t<img decoding=\"async\" src=\"http:\/\/www.abatonsworld.com\/starwars-cl\/wp-content\/uploads\/sites\/18\/2016\/01\/EpisodeV.jpg\" class=\"attachment-full size-full wp-post-image\" alt=\"\" srcset=\"http:\/\/www.abatonsworld.com\/starwars-cl\/wp-content\/uploads\/sites\/18\/2016\/01\/EpisodeV.jpg 792w, http:\/\/www.abatonsworld.com\/starwars-cl\/wp-content\/uploads\/sites\/18\/2016\/01\/EpisodeV-300x204.jpg 300w, http:\/\/www.abatonsworld.com\/starwars-cl\/wp-content\/uploads\/sites\/18\/2016\/01\/EpisodeV-215x146.jpg 215w, http:\/\/www.abatonsworld.com\/starwars-cl\/wp-content\/uploads\/sites\/18\/2016\/01\/EpisodeV-103x70.jpg 103w\" sizes=\"(max-width: 792px) 100vw, 792px\" \/><div class=\"carousel-caption\"><p>Darth Vader no va a dejar que la Alianza Rebelde se enfrente al Emperador: usar\u00e1 la Fuerza y la astucia para impedir el resurgir de los jedi.<\/p><\/div>\t\t\t\t<\/div>\n\t\t\t\n\t\t\t\t<div class=\"item \" id=\"cptbc-item-627\" >\n\t\t\t\t\t<img decoding=\"async\" src=\"http:\/\/www.abatonsworld.com\/starwars-cl\/wp-content\/uploads\/sites\/18\/2015\/10\/Coming.jpg\" class=\"attachment-full size-full wp-post-image\" alt=\"\" srcset=\"http:\/\/www.abatonsworld.com\/starwars-cl\/wp-content\/uploads\/sites\/18\/2015\/10\/Coming.jpg 792w, http:\/\/www.abatonsworld.com\/starwars-cl\/wp-content\/uploads\/sites\/18\/2015\/10\/Coming-300x204.jpg 300w, http:\/\/www.abatonsworld.com\/starwars-cl\/wp-content\/uploads\/sites\/18\/2015\/10\/Coming-215x146.jpg 215w, http:\/\/www.abatonsworld.com\/starwars-cl\/wp-content\/uploads\/sites\/18\/2015\/10\/Coming-103x70.jpg 103w\" sizes=\"(max-width: 792px) 100vw, 792px\" \/><div class=\"carousel-caption\"><p>\u00danico heredero de la tradici\u00f3n de los jedi, Luke se enfrenta a su mayor desaf\u00edo: acabar con la maldad del Emperador y devolver la paz a la galaxia.<\/p><\/div>\t\t\t\t<\/div>\n\t\t\t\n\t\t\t\t<div class=\"item \" id=\"cptbc-item-4188\" >\n\t\t\t\t\t<img decoding=\"async\" src=\"http:\/\/www.abatonsworld.com\/starwars-cl\/wp-content\/uploads\/sites\/18\/2015\/10\/VII-TheForceAwakens01.jpg\" class=\"attachment-full size-full wp-post-image\" alt=\"\" srcset=\"http:\/\/www.abatonsworld.com\/starwars-cl\/wp-content\/uploads\/sites\/18\/2015\/10\/VII-TheForceAwakens01.jpg 792w, http:\/\/www.abatonsworld.com\/starwars-cl\/wp-content\/uploads\/sites\/18\/2015\/10\/VII-TheForceAwakens01-300x204.jpg 300w, http:\/\/www.abatonsworld.com\/starwars-cl\/wp-content\/uploads\/sites\/18\/2015\/10\/VII-TheForceAwakens01-215x146.jpg 215w, http:\/\/www.abatonsworld.com\/starwars-cl\/wp-content\/uploads\/sites\/18\/2015\/10\/VII-TheForceAwakens01-103x70.jpg 103w\" sizes=\"(max-width: 792px) 100vw, 792px\" \/><div class=\"carousel-caption\"><p>Han pasado 30 a\u00f1os desde la Batalla de Endor y la ca\u00edda del Imperio. Pero la Primera Orden, organizaci\u00f3n nacida a partir del Imperio, sigue enzarzada en una dura lucha contra la \r\nResistencia, como se conocen en la actualidad los herederos de la Alianza Rebelde. Los bandos parecen bien definidos y \r\nuna siniestra presencia amenaza con volver a sumir la galaxia en las tinieblas, pero todo cambiar\u00e1 cuando un soldado de asalto perdido en un remoto planeta se tope con algunos extra\u00f1os y emprenda una \u00e9pica misi\u00f3n en busca del mayor guerrero de la galaxia.<\/p><\/div>\t\t\t\t<\/div>\n\t\t\t\t\t\t<\/div>\n\n\t\t\t\t\t\t\t\t<a class=\"left carousel-control\" href=\"#cptbc_150\" data-slide=\"prev\">\u2039<\/a>\n\t\t\t\t\t<a class=\"right carousel-control\" href=\"#cptbc_150\" data-slide=\"next\">\u203a<\/a>\n\t\t\t\t\n\t\t<\/div>\n\n        \t\t<script type=\"text\/javascript\">\n\t\t\tjQuery(document).ready(function() {\n\t\t\t\tjQuery('#cptbc_150').carousel({\n\t\t\t\t\tinterval: 5000\t\t\t\t});\n\t\t\t});\n\t\t<\/script>\n        <\/div>\n","protected":false},"excerpt":{"rendered":"","protected":false},"author":1,"featured_media":0,"parent":0,"menu_order":0,"comment_status":"closed","ping_status":"closed","template":"page-rightsidebar-slider.php","meta":{"footnotes":""},"class_list":["post-8","page","type-page","status-publish","hentry"],"_links":{"self":[{"href":"http:\/\/www.abatonsworld.com\/starwars-cl\/wp-json\/wp\/v2\/pages\/8","targetHints":{"allow":["GET"]}}],"collection":[{"href":"http:\/\/www.abatonsworld.com\/starwars-cl\/wp-json\/wp\/v2\/pages"}],"about":[{"href":"http:\/\/www.abatonsworld.com\/starwars-cl\/wp-json\/wp\/v2\/types\/page"}],"author":[{"embeddable":true,"href":"http:\/\/www.abatonsworld.com\/starwars-cl\/wp-json\/wp\/v2\/users\/1"}],"replies":[{"embeddable":true,"href":"http:\/\/www.abatonsworld.com\/starwars-cl\/wp-json\/wp\/v2\/comments?post=8"}],"version-history":[{"count":4,"href":"http:\/\/www.abatonsworld.com\/starwars-cl\/wp-json\/wp\/v2\/pages\/8\/revisions"}],"predecessor-version":[{"id":297,"href":"http:\/\/www.abatonsworld.com\/starwars-cl\/wp-json\/wp\/v2\/pages\/8\/revisions\/297"}],"wp:attachment":[{"href":"http:\/\/www.abatonsworld.com\/starwars-cl\/wp-json\/wp\/v2\/media?parent=8"}],"curies":[{"name":"wp","href":"https:\/\/api.w.org\/{rel}","templated":true}]}}