{"id":11,"date":"2014-02-26T08:54:24","date_gmt":"2014-02-26T08:54:24","guid":{"rendered":"http:\/\/www.abatonsworld.com\/animalses\/?page_id=11"},"modified":"2016-02-05T09:45:23","modified_gmt":"2016-02-05T09:45:23","slug":"a-minha-colecao","status":"publish","type":"page","link":"http:\/\/www.abatonsworld.com\/starwars-pt\/a-minha-colecao\/","title":{"rendered":"A minha cole\u00e7\u00e3o"},"content":{"rendered":"<p class=\"p1\">Uma vez registado, ter\u00e1s acesso \u00e0 tua cole\u00e7\u00e3o digital para controlares tudo e n\u00e3o deixares\u00a0 nenhum Abaton esquecido.<\/p>\n<p class=\"p1\">Poder\u00e1s marcar como &#8220;Tenho&#8221; e &#8220;N\u00e3o tenho!&#8221; com um simples clique!<\/p>\n<p class=\"p1\"><strong>Recorda que podes imprimir a tua lista\u00a0 para a\u00a0 levares para a escola ou para onde quiseres!<\/strong><\/p>\n","protected":false},"excerpt":{"rendered":"<p>Uma vez registado, ter\u00e1s acesso \u00e0 tua cole\u00e7\u00e3o digital para controlares tudo e n\u00e3o deixares\u00a0 nenhum Abaton esquecido. Poder\u00e1s marcar como &#8220;Tenho&#8221; e &#8220;N\u00e3o tenho!&#8221; com um simples clique! Recorda que podes imprimir a tua lista\u00a0 para a\u00a0 levares para a escola ou para onde quiseres!<\/p>\n","protected":false},"author":1,"featured_media":4261,"parent":0,"menu_order":0,"comment_status":"closed","ping_status":"closed","template":"page-micoleccion-starwars.php","meta":{"footnotes":""},"class_list":["post-11","page","type-page","status-publish","has-post-thumbnail","hentry"],"_links":{"self":[{"href":"http:\/\/www.abatonsworld.com\/starwars-pt\/wp-json\/wp\/v2\/pages\/11","targetHints":{"allow":["GET"]}}],"collection":[{"href":"http:\/\/www.abatonsworld.com\/starwars-pt\/wp-json\/wp\/v2\/pages"}],"about":[{"href":"http:\/\/www.abatonsworld.com\/starwars-pt\/wp-json\/wp\/v2\/types\/page"}],"author":[{"embeddable":true,"href":"http:\/\/www.abatonsworld.com\/starwars-pt\/wp-json\/wp\/v2\/users\/1"}],"replies":[{"embeddable":true,"href":"http:\/\/www.abatonsworld.com\/starwars-pt\/wp-json\/wp\/v2\/comments?post=11"}],"version-history":[{"count":42,"href":"http:\/\/www.abatonsworld.com\/starwars-pt\/wp-json\/wp\/v2\/pages\/11\/revisions"}],"predecessor-version":[{"id":4365,"href":"http:\/\/www.abatonsworld.com\/starwars-pt\/wp-json\/wp\/v2\/pages\/11\/revisions\/4365"}],"wp:featuredmedia":[{"embeddable":true,"href":"http:\/\/www.abatonsworld.com\/starwars-pt\/wp-json\/wp\/v2\/media\/4261"}],"wp:attachment":[{"href":"http:\/\/www.abatonsworld.com\/starwars-pt\/wp-json\/wp\/v2\/media?parent=11"}],"curies":[{"name":"wp","href":"https:\/\/api.w.org\/{rel}","templated":true}]}}